+ 1)
-6
What is the value of 12 - (-5 + 14 + -10)?
13
What is the value of (-20 - 21) + 44 - -5?
8
-17 - -30 - (-3 + 6 + -4 + 5)
9
Calculate 6 - (5 + 0) - (-20 + 23).
-2
Evaluate 2 - 5 - (35 + -79 - -28).
13
What is -29 - 10 - -68 - 43?
-14
Calculate -6 - (19 + (0 - 10) + -19).
4
What is -24 + 19 + 4 - (3 + 0 + -4)?
0
What is 388 + -380 + (-1 - 7)?
0
Calculate 1 + -15 + (-49 - -6) + 62.
5
What is the value of 15 + (-5 + 7 + 9 - 7)?
19
What is the value of -8 - (-282 + 256 - (7 - -1))?
26
(15 - (2 + -1 + -5)) + 4
23
Calculate (67 - 26 - 51) + 2 + -2.
-10
What is the value of (3 - (28 - 28)) + 5?
8
Calculate -15 + 10 + -1 + -3 + (-3 - -1).
-11
What is the value of 4 + 31 + -520 + 492?
7
What is the value of 85 + -36 - 29 - 20?
0
Evaluate (-120 - -125 - (-1 + 0)) + 1 + 6.
13
Evaluate 8 + (1 - 32 - -9) + 4.
-10
Evaluate -7 - (13 - (5 + 8)).
-7
What is 9 - (9 - (7 + 0 + 10 + -13))?
4
What is 4 + -4 + (-28 - (7 + -37))?
2
-11 + 24 + -6 + -8 + 0
-1
6 + (-34 - -9) - (13 + 0)
-32
Evaluate -2 - -5 - (31 - (2 - -15)).
-11
What is -2 + 12 - (-6 - 15 - -9)?
22
14 + -1 + 2 - (-39 - -39)
15
What is 135 + -140 - (7 + -6)?
-6
What is 10 - (11 + -11 + 6 + -2) - -4?
10
(-21 - -31) + (0 - 1) - 9
0
What is the value of 5 - (2 - (16 - (26 + -15)))?
8
Calculate 20 - 31 - (-1 + 23).
-33
Evaluate -10 + (-1 - (-50 - -9)).
30
-195 + 201 + (-17 - 1)
-12
(-14 - -12 - 13) + (-2 - (-2 - 4))
-11
Calculate 0 + 2 - (3 - 11) - (5 + 1).
4
Evaluate 7 - ((1 + 9 - -9) + 5 + -12).
-5
What is the value of 8 - (-5 + -3 - (8 + -21))?
3
What is -9 - ((-6 - -8) + -2 + -5)?
-4
What is the value of 42 - (-3 + (6 - -27))?
12
What is the value of -1 - -1 - (-8 - (16 - 18))?
6
Evaluate 24 + 2 + -1 - ((6 - 15) + 14).
20
Evaluate (-6 - -27) + (3 - 2 - 8) - 2.
12
What is the value of -21 + 1 + -5 - (-41 - -53) - -4?
-33
-34 - -3 - (-18 - (40 - 41))
-14
Calculate 1 + -29 + 2 - -23.
-3
Evaluate (-6 - (6 + 3)) + 26 + -13.
-2
What is -13 + (3 - 3) + -4 + 2 + -1?
-16
What is the value of -14 + 7 + (6 - 4) + 7?
2
-17 - (-19 + 31 - 14)
-15
59 + -29 - 57 - -26
-1
-4 + (11 - 1) + (-16 - 0)
-10
Calculate (-1 - 11) + (-27 - -50) - 0.
11
Calculate -504 + 514 - (0 - -1).
9
What is 1 + 3 + -26 + (23 - 9)?
-8
What is the value of -15 + 5 + 37 + -17?
10
What is 464 + -459 + (0 - -19) - -12?
36
What is 24 + (-30 - (-30 - -24))?
0
Evaluate 6 - (11 - 10 - (0 + 0)) - -1.
6
(-23 - 9) + 20 + -4 + -3
-19
What is the value of 0 + -1 + 1 - (92 + -97)?
5
What is the value of (-3 - 4 - (-11 + -3)) + -33?
-26
What is the value of -1 + -19 - (-15 - (-16 + (-13 - -11)))?
-23
What is the value of (-23 - -8 - 1) + -2 + 10?
-8
Calculate (1 - (-1 + -2)) + (78 - 78) + 0.
4
Evaluate -15 - (0 - ((-1 - 9) + 11)).
-14
-7 + -12 + (3 - -23)
7
What is 17 + -7 + -4 - (3 - (2 - 3))?
2
(-7 - -39) + -21 + -23
-12
Evaluate -21 - ((-14 - 1) + -3 + 11 + 0).
-14
What is -7 - -14 - 2 - 1 - 28?
-24
-81 + 31 + 43 + 4
-3
Evaluate -11 - -9 - 10 - -12.
0
Calculate -335 + 320 - (-3 - -2).
-14
21 - 31 - -16 - 2
4
Calculate (29 + -16 - 0) + -10 - (0 + 16).
-13
-12 - -26 - (10 + 1)
3
5 - (11 - (-3 - (-10 + 1)))
0
11 + (0 + -3 - 0) - (27 + -28)
9
What is the value of 19 + 76 + -81 - (0 - (-4 + 1))?
11
4 + 28 - (-56 - -92)
-4
What is the value of (-4 - (6 + -8) - (2 - -4)) + 3?
-5
Calculate (1 + -14 - (-27 + 23)) + -22.
-31
18 + -16 + -17 + 30
15
Evaluate (3 - 5) + (-3 + 5 - (-2 - 4)).
6
What is the value of 0 - 0 - -11 - (12 + 24 - 0)?
-25
(-12 - -10 - -6) + -9
-5
(-2 - -2) + (-2 - (-3 + 2) - -5)
4
Calculate 16 + (-1 - (0 - -2) - (138 + -141)).
16
Calculate (28 - 25 - 8) + (-5 - 0).
-10
Calculate (8 - 8) + -1 + -6 + 14.
7
Evaluate 1 + 9 + (-42 - -57) + -3.
22
Calculate (2 + (-1 - 2) + 6 - 9) + 1.
-3
Calculate (0 - 0 - (-60 - -52)) + 7.
15
Calculate (84 - 76) + (-2 - (-4 + 33 + -1)).
-22
Calculate 18 + (-5 - 5) + -1 - (-1 - -4).
4
What is the value of 50 + -35 + 3 + -38?
-20
What is the value of 6 - (-1 + 0 + -2 - (-38 - -40))?
11
-6 - (-7 + (-24 - -28) - (0 + -10))
-13
Evaluate 0 - 7 - (7 + 1).
-15
22 + -14 + (9 - 32)
-15
-10 - (12 - (10 + -2 + 3))
-11
Calculate (3 + 7 - 34) + 10.
-14
Calculate -15 + (-9 - (13 + -34)).
-3
What is the value of 12 - (-24 + 37 + -30)?
29
Evaluate 21 + (4 + -10 - (-38 + 41)).
12
What is 0 - (-1 + 1 + -3 + 3 - 12)?
12
What is the value of (13 - (11 + -10 - -16)) + 1 + 35?
32
What is the value of -20 - (10 - 25 - 0)?
-5
Calculate 16 + 5 + -45 + 24.
0
What is the value of -2 + (-5 - -8) - (14 - 11 - -3)?
-5
What is 17 + (1 - 21) + (16 - 8)?
5
Evaluate 9 - (1 + 1 + (-10 - -12)).
5
What is -3 + (-2 - -14) - (17 + 1)?
-9
What is -15 + -223 + 237 + 0 + -1?
-2
7 + (-4 - (4 - (11 + -3)))
7
Calculate 4 + -9 + 1 - (-3 - 10) - 17.
-8
(30 + -25 - 0) + 22
27
What is the value of (-12 + 21 - 8) + -2?
-1
What is the value of (-7 - (11 + -25 + 11)) + (-2 - 1)?
-7
What is the value of -12 - (-86 + 81 + -24 + 0)?
17
What is 5 - (0 - -3) - (-23 - (-27 - 13))?
-15
-9 - (12 - 9 - (12 - 8))
-8
Calculate 17 + -7 + 16 - 11 - 16.
-1
Evaluate (9 - -4) + -19 + 23 + 8.
25
Evaluate 256 + -213 + -4 + (-4 - (-1 - 2)).
38
What is the value of 9 - (-6 + 24 + -20) - (1 + 0)?
10
What is the value of 1 + -14 - (17 + -33)?
3
What is the value of 0 + -10 + -21 + 34?
3
What is -35 - 11 - (3 - 32)?
-17
Evaluate (3 - (8 - 16)) + 45 + -77.
-21
What is the value of 269 + -253 + (-7 + 3 - -4)?
16
Evaluate (-42 - (-44 + 21)) + 29.
10
What is the value of (-5 - -5 - 4) + -18 - (-22 + 19)?
-19
What is -6 + 0 + (6 - (8 + (3 - 20)))?
9
-9 + 6 + 5 + 4 - -13
19
What is 4 + (5 - (-12 - -13) - -25)?
33
Evaluate 2 - ((13 - -4) + 16) - (-1 + -10).
-20
-348 - -350 - (-14 + 0)
16
Evaluate 2 - (8 - 32) - 42.
-16
Evaluate 17 + -10 + (-20 - -11 - 0).
-2
What is 7 + 2 + -21 + 7 + 11?
6
What is the value of (-15 - (-25 - -6)) + -14?
-10
Evaluate -3 + (-8 - -2) + 14 + 15 + -32.
-12
Calculate 8 - (10 - -3) - (-1 + -1).
-3
Calculate -1 + 6 + 1 + -18 + 0.
-12
(-7 - (-1 - -3)) + 6 + 21 + 0
18
What is the value of 4 + -30 + 41 + 3 + -2?
16
What is (0 - -1 - (-35 + 36)) + 11 - -7?
18
What is the value of -2 + 3 + 1 + (-5 - -6) + -1?
2
What is (-32 - (-17 + -11)) + (0 - -14)?
10
What is (-29 - -1 - (-532 + 516)) + -20 + -1?
-33
Evaluate 18 + -33 + 31 + -30.
-14
Calculate 6 + 12 + (10 - 27) - (9 + -2).
-6
0 - 10 - (922 - 921)
-11
What is the value of 9 + (-8 + -8 - (16 + -7 + -3))?
-13
What is the value of -130 + 138 + -48 + -1 + 3 + -2?
-40
Evaluate -17 - (14 + -10 + -18).
-3
What is (7 - (11 - (-1 - (-1 - 0)))) + 6?
2
10 - 27 - (7 + -13)
-11
Calculate 6 + (0 - 2) + -1 + 35 + -36.
2
(76 - 86) + (10 - 2)
-2
What is the value of 0 + 15 + (-13 - -21 - 16)?
7
What is the value of 4 - (4 - (-4 - (13 + -7) - -4))?
-6
Calculate (0 - -6 - 1 - 1) + 285 + -278.
11
(17 + -8 + 1 - (1 - -1)) + 19
27
-1 + 1 + (30 - 49) + (-1 - -7)
-13
Evaluate -4 + 1 + -35 - 3 - (140 + -147).
-34
What is 11 + (4 + 7 - 3) + -7?
12
What is the value of (-28 + -2 - -35) + -17?
-12
What is (0 + (-14 + 5 - 1) - -6) + 8?
4
Calculate 0 + -5 + (-1 - (-8 + 5) - 15).
-18
Calculate 16 + (-3 - 4) + 18 + -43.
-16
Evaluate -4 - (1 - -11) - (-39 + 61).
-38
What is the value of -228 + 222 + 0 + 3?
-3
What is -4 + 24 + -9 + -3?
8
Calculate -216 - -198 - ((0 - -1) + 9 + -11).
-17
Calculate -12 - (-35 + 20 - (14 + 1)).
18
Calculate (8 - (14 + -3)) + -6 + (-3 - 1).
-13
-5 + 19 + 5 + -7 - 0
12
Calculate -13 - (-3 + (-13 - 0)) - 6.
-3
What is the value of 1 - 1 - (36 + (8 - (-11 - -45)))?
-10
What is -38 + 1 + 23 - -26?
12
What is the value of (-6 - -9 - -2) + -9 - (3 + -3)?
-4
What is the value of (79 + -65 - (10 - 0)) + 5 + 4?
13
What is the value of -6 + 6 + (-12 - -5) + 12?
5
Calculate 1 - -13 - (-8 + 14).
8
Evaluate -15 - (8 + -35) - (0 - -8).
4
Evaluate 14 + -33 + -3 + 2 + -5.
-25
Calculate 20 - (-381 + 384 + (1 - -1)).
15
Calculate 36 - (-21 + 33 + 3).
21
Calculate 10 + 0 + -17 + 5 + 29.
27
What is 1 - (-10 - (-11 - -13))?
13
What is the value of -7 - (8 + 2) - -9 - (-7 + 2)?
-3
Calculate -33 - (42 + -29 + -28).
-18
(5 - (5 + 20)) + (-3 - -3) + 0
-20
Calculate -2 + -1 + 0 - (25 + -31) - -4.
7
Calculate (1 + 0 - -1 - -3) + -266 + 249.
-12
What is the value of -19 + 15 + -10 + 4 - -2?
-8
What is the value of 0 + 20 + (16 - 17 - 5)?
14
-9 - (8 + -8 - 16)
7
What is the value of (-7 - 12) + 11 + 4 + 4 + -17?
-17
6 - ((-10 - -1) + (41 - 22))